= 41 - u. Suppose -258 = -3*i + w, 100 = i + 2*w - l*w. List the prime factors of i.
5, 17
Suppose u = -6*u + 13*u. Suppose 5*h - 5*d - 3375 = 0, u*d - 2*d = 3*h - 2045. List the prime factors of h.
7, 97
Let y = -4901 + 10178. List the prime factors of y.
3, 1759
Let j = 75587 - 51312. What are the prime factors of j?
5, 971
Let m(k) = -k**2 - 99*k - 1795. Let g be m(-24). Let z(u) = 2*u**2 - 2*u - 3. Let v be z(-3). Suppose -g*t = -v - 89. What are the prime factors of t?
2, 11
Let m = -21 + 21. Suppose m = -d + 6 - 5. Suppose -2*c = -3*z - 17, 1 = -2*z - d. List the prime factors of c.
7
Let g be (-7 - (-75)/10)*512. Let k = g + -226. What are the prime factors of k?
2, 3, 5
Let b(w) = 87*w**2 + 81*w + 181. What are the prime factors of b(-14)?
17, 947
Suppose 6349233 + 4973967 = 60*g + 276*g. List the prime factors of g.
2, 5, 337
Let b(p) = -p**2 - 8*p - 14. Let k be b(-4). Suppose k*n + 3*n = 2440. List the prime factors of n.
2, 61
Let j(f) = 4*f**2 + 3*f + 10. Let r = 8 - -14. Suppose r = -7*t + 1. List the prime factors of j(t).
37
Suppose -35602 = -5*q - 4*x, -2*q + 5730 + 8515 = 3*x. What are the prime factors of q?
2, 3559
Let p = 48968 + -32852. What are the prime factors of p?
2, 3, 17, 79
List the prime factors of 772920/25 - (-468)/(-260).
3, 5, 229
Let b(t) be the third derivative of 1/30*t**6 - 1/6*t**3 + 0 - 27*t**2 - 1/3*t**4 - 1/12*t**5 + 0*t. What are the prime factors of b(4)?
11, 13
Let d(g) = -13*g**2 - 5*g**3 - 13*g + 3*g**3 + 25 - 31. Let v be d(-9). List the prime factors of (v/(-15))/((-2)/5).
2, 43
Let t be (-1)/(-4) - 100950/(-200). Let i = -486 + t. List the prime factors of i.
19
Suppose 7*o - 22*o + 75 = 0. Suppose 3*t = -o*j + 4*j + 22, -j + 2 = -t. Suppose 0*d - j*d + 483 = 0. List the prime factors of d.
3, 23
Let z be ((-8)/(-32))/((-58)/(-56) + -1). Let o(j) = 33*j - 40. List the prime factors of o(z).
191
Suppose 3*h = 4*k - 199166, -105*h + 8 = -101*h. List the prime factors of k.
17, 29, 101
Let q = 119 - 103. Suppose -3*c + 511 = -5*r, 3*r = -q + 10. List the prime factors of c.
167
Let o(l) = -769*l**3 + 11*l**2 + 7 - 17 + 768*l**3. Suppose -2*q + 27 = q. List the prime factors of o(q).
2, 19
Let b = 35 + -39. Let o be b + (-2 - -2) + 4. Suppose 5*w = 3*k + 106, o = 2*w + k + 2*k - 34. What are the prime factors of w?
2, 5
Suppose 3*z - r - 48 = -0, -2*z = 5*r - 32. List the prime factors of ((-172)/z*2)/((-1)/10).
5, 43
Let s be (-11 + -1)*(-150)/40. Suppose 4*y - 31 = s. What are the prime factors of (y/(-3))/((-10)/240)?
2, 19
Let g(l) = -l**2 - 15*l + 21. Let p be g(-16). Suppose -2*b = -p*i + 2338, -2*i + 643 = 5*b - 269. What are the prime factors of i?
2, 233
Let l(k) = 29*k**3 - 23*k**2 + 7*k - 84. What are the prime factors of l(8)?
2, 47, 71
Suppose l + 75 = 5*a, a + 69 = -5*l + 4*l. Let y be l*(3 - (-28)/(-8)). What are the prime factors of 2 - (3 - 0 - y)?
2, 17
Suppose f + 0*f - 27 = 5*p, 0 = -4*p - 12. Suppose 6*n = -0*n + f. Suppose 42 = 4*y - w, -y - 5 + 19 = -n*w. List the prime factors of y.
2, 5
Suppose 67*o + 21294 = x + 62*o, 106470 = 5*x + 3*o. What are the prime factors of x?
2, 3, 7, 13
Suppose -5*q = -0*q + 95. Let s = q + 23. Suppose 2*k + o = 51, -4*k - s*o = -k - 84. What are the prime factors of k?
2, 3
Suppose -w + 16*p - 7 = 19*p, 5*w - 37 = 3*p. Suppose -r - 3*f = f - 92, w*r - 430 = -5*f. List the prime factors of r.
2, 3, 7
Let c(i) = i**3 + 17*i**2 - 3*i - 55. Let k be c(-17). List the prime factors of 6/k*26/(-3).
13
Let g = 47123 + -33539. What are the prime factors of g?
2, 3, 283
Let d(b) = 225*b + 2245. What are the prime factors of d(34)?
5, 1979
Suppose -5*o - 245562 = -4*n, 0 = 59*o - 57*o + 4. What are the prime factors of n?
2, 103, 149
Suppose -14*a - 54 + 432 = 0. Suppose -a*f = -9187 - 5123. List the prime factors of f.
2, 5, 53
Suppose 4*b + 15248 = 2*v, 3*v - 22882 = 1796*b - 1792*b. What are the prime factors of v?
2, 11, 347
Let b(w) = -7*w + 1. Let t be b(-8). Suppose 0 = -8*l - 20 + 356. Suppose 0 = k - l - t. List the prime factors of k.
3, 11
Let q(y) = 2*y**2 + 11*y + 6. Suppose 0 = 4*j - o + 29, -5*o - 20 = j + 3. Let t be q(j). Let d = t + -24. List the prime factors of d.
2, 11
Let l = -55 - 48. Let n = l + 354. Suppose 0 = -3*u - 6, u = -4*c + n - 61. What are the prime factors of c?
2, 3
Let c = -185 - -14438. What are the prime factors of c?
3, 4751
Suppose -2*o = 6*q - 5*q - 22573, 3*o - 4*q = 33854. List the prime factors of o.
2, 3, 11, 19
Suppose -10*y = 3*y. Suppose y = 611*z - 607*z - 3924. List the prime factors of z.
3, 109
Let k(q) = -352*q + 885. List the prime factors of k(-23).
7, 1283
Let x(o) be the third derivative of 151*o**5/60 - o**4/8 + 2*o**3/3 + 17*o**2 - 3. Suppose -3 = -6*p + 3. What are the prime factors of x(p)?
2, 19
Let a = -3218 + 12376. What are the prime factors of a?
2, 19, 241
Let t be 3*(-1)/7 + (-18)/7. List the prime factors of t - (-917 - (0 + 4)).
2, 3, 17
What are the prime factors of 15913/(-13)*195/(-15)?
15913
Suppose 0 = 3*f - j - 19352, -4*f + 4*j + 38617 = 12801. List the prime factors of f.
6449
List the prime factors of (-11)/(-88)*0 - 68896/(-4).
2, 2153
Let f(o) = -2*o**3 + 2*o**2 + 3*o + 7. Let d be f(-5). Suppose d = -2*x + 4*x. Let b = x - -14. What are the prime factors of b?
2, 5
Let n = -2009 + 1999. Suppose -2*s = 5*q - 3*q - 12398, -3*s + 18627 = -3*q. What are the prime factors of s/110 + 4/n?
2, 7
Suppose -7 = -p, 138*p - 142*p = -4*d + 58596. What are the prime factors of d?
2, 229
Let a(q) = 834*q**2 + 458*q - 1366. What are the prime factors of a(3)?
2, 13, 17
Suppose h - r = 15673, r - 1 = -0. What are the prime factors of (h/(-26))/(-1) - (-12)/78?
3, 67
Let u = -572 - -931. Suppose -1064 = -3*b - 2*f - u, 4*f = -2*b + 478. List the prime factors of b.
233
Suppose 15*w = 423 - 18. Suppose 1139 = -w*u + 20552. What are the prime factors of u?
719
Let p(m) = -m**3 - 4*m**2 + 2. Let w be p(-4). Suppose 4 = w*u - g, -u - g = 3 - 2. What are the prime factors of 497/14 - u/2?
5, 7
Let y be (-1 + -99)*(76/(-10) - -6). Let t = 99 - -3. Suppose -t*z = -101*z - y. What are the prime factors of z?
2, 5
Let i = -29 - 11. Let h(s) = s**2 + 32*s + 48. List the prime factors of h(i).
2, 23
Let w(s) = 27*s**3 + s**2 - 5*s + 8. Let p be w(4). Suppose -4*k = -j - p, -k + 2*k + 2*j = 442. What are the prime factors of k?
2, 7, 31
Let x be 2*(0 - -1) + 7. Suppose -q - 4 = -i, -3*q + i = 5*i - x. What are the prime factors of q/((-6)/(-9)*15/(-1570))?
157
Let c(j) = 28 + 5*j**2 - 64*j + 25*j + 22*j. Let n(x) = -4*x**2 + 16*x - 28. Let m(r) = -2*c(r) - 3*n(r). What are the prime factors of m(11)?
2, 29
Let v = 82 - 60. Suppose 0 = -p - 3*o + 10, v = 5*p + 2*o - 2. List the prime factors of 54768/315 + p/30.
2, 3, 29
Let f be -1 + 1 + 2 - (16 + 177). Let w = 110 + f. Let t = -35 - w. List the prime factors of t.
2, 23
Suppose -1615*h + 1633*h = 545814. What are the prime factors of h?
30323
List the prime factors of -2682*(345/(-130) + (-14)/(-91)).
3, 5, 149
Suppose 1013 = q - 5*y + 160, -4*q + 3412 = 2*y. Suppose -5978 = -5*d - q. What are the prime factors of d?
5, 41
Suppose 3*c - 5 = t, 7 + 3 = 3*c - 2*t. Suppose 3*u - 2*q - 2*q - 19 = c, 5*u + 4*q = 21. What are the prime factors of u?
5
Let i(s) = 109*s - 21. What are the prime factors of i(14)?
5, 7, 43
Suppose 5*h - 20021 = 229*j - 226*j, h + 5*j - 3993 = 0. List the prime factors of h.
4003
Let b(z) = z**3 + 16*z**2 + 4*z + 22. Let t be b(-16). Let s = 49 + t. List the prime factors of 499/s - (-4)/(-14).
71
Let w be 6/(0 - 6) - -272. Suppose w = 4*z - 389. List the prime factors of z.
3, 5, 11
What are the prime factors of 3849/(17/(-9) - 108/(-54))?
3, 1283
Suppose 6493 = 3*j - 13067. What are the prime factors of j?
2, 5, 163
Suppose 5*h = -2*d + 10, -2*h - 6 = -2*d - 5*h. Suppose 5*b - 309 - 11 = d. List the prime factors of b.
2
Let h(m) = -m**3 + 75*m**2 + 46*m - 575. List the prime factors of h(66).
5, 13, 641
Let f(w) = 199*w + 89. Let j be f(6). Let n = -878 + j. What are the prime factors of n?
3, 5
Suppose -k = 4*k - p - 47217, 2*k - 18882 = 2*p. List the prime factors of k.
2, 3, 787
Let f = 102 - 105. Let l(b) = 18*b**2 - 3*b + 6. List the prime factors of l(f).
3, 59
Let d(j) = 247*j**3 + j**2 - 57*j + 161. What are the